1111101000?
-101010101101011111100100
In base 7, what is -133 + 4133144?
4133011
In base 7, what is 104256 + -6566?
64360
In base 9, what is -12175032 - -3?
-12175028
In base 16, what is -5 + 139317e?
1393179
In base 8, what is -3425 - 7732?
-13357
In base 8, what is 1452160 + -115?
1452043
In base 11, what is -139 - 10660a?
-106748
In base 12, what is b18678 + 1a?
b18696
In base 5, what is 134131112 - -22?
134131134
In base 15, what is 46 + -50353?
-5030c
In base 4, what is -313010320331 - 1?
-313010320332
In base 11, what is 776792 + -13?
77677a
In base 4, what is -102021203313 + 23?
-102021203230
In base 16, what is 11c3 + 304?
14c7
In base 2, what is 1000100101 - 1010010010000100000?
-1010010000111111011
In base 9, what is 33 - -221803?
221836
In base 11, what is -31591 - -582?
-3100a
In base 9, what is -1021302420 - 3?
-1021302423
In base 10, what is -134171 - 26?
-134197
In base 3, what is 1110112200 - -11222?
1110201122
In base 16, what is -132a + -1a?
-1344
In base 9, what is 851835 - 5?
851830
In base 3, what is 100 + 2220111111121101?
2220111111121201
In base 15, what is 4 - 23191d0?
-23191cb
In base 11, what is -1912728 + -a?
-1912737
In base 7, what is 340226 + 2030?
342256
In base 7, what is -15564354 + 20?
-15564334
In base 15, what is ae43 - 6b?
adc7
In base 11, what is -5560 - 381?
-5931
In base 15, what is 23 + e5ca65?
e5ca88
In base 7, what is 241 + 102623064?
102623335
In base 5, what is 0 - -2103234102?
2103234102
In base 10, what is -696 - -24028?
23332
In base 14, what is 8 + -74d26?
-74d1c
In base 12, what is -351b8 - 3748?
-38944
In base 9, what is -8 + 26878807?
26878788
In base 12, what is -72053 - 35?
-72088
In base 15, what is -18645a07 + 4?
-18645a03
In base 5, what is -3322 - -144000324?
143442002
In base 5, what is 20 - -2031441413?
2031441433
In base 10, what is -2 + -211585955?
-211585957
In base 3, what is -220001201 + 210121200?
-2110001
In base 5, what is 10134 + -23101?
-12412
In base 10, what is 218 - -135490?
135708
In base 14, what is 13732b6b + b?
13732b78
In base 3, what is -2 + -101010121211200220?
-101010121211200222
In base 14, what is -10 + -2405?
-2415
In base 11, what is 5 - -13a763a58?
13a763a62
In base 2, what is 111011101100000010 + -10101110?
111011101001010100
In base 8, what is 5712202 + 65?
5712267
In base 10, what is 211 - -1181144?
1181355
In base 11, what is 9062822 - -1?
9062823
In base 5, what is -331433113 + -2?
-331433120
In base 7, what is 420466 + -102?
420364
In base 8, what is 617 - -114636?
115455
In base 7, what is -22 - 652630?
-652652
In base 7, what is -56453550 - -141?
-56453406
In base 7, what is 4414 - -31?
4445
In base 9, what is 50 - -5302763?
5302823
In base 3, what is -2012100001121 + 20121?
-2012022211000
In base 3, what is 2211200001212111 + -11?
2211200001212100
In base 16, what is 3d83e96 + 0?
3d83e96
In base 9, what is 71263044 - -1?
71263045
In base 4, what is 1 + -123320230010?
-123320230003
In base 6, what is -1041512414150 + 5?
-1041512414141
In base 14, what is a6d99 + 8?
a6da3
In base 13, what is 7 - 14cba?
-14cb3
In base 7, what is 34 - 542316005?
-542315641
In base 5, what is 1014424303 + -4?
1014424244
In base 12, what is -16 - -8a37b6?
8a37a0
In base 7, what is 54 + -151335500?
-151335413
In base 13, what is -18404111 + 5?
-18404109
In base 11, what is -104565 - 233?
-104798
In base 15, what is -10 - 1ed8044?
-1ed8054
In base 16, what is fab + -6e6?
8c5
In base 7, what is -20 + 212145450?
212145430
In base 5, what is 21343434 - 24?
21343410
In base 16, what is 5 - -719b?
71a0
In base 9, what is -634676 - 27?
-634714
In base 12, what is 1 + -81b1ba5?
-81b1ba4
In base 10, what is 901 + -4326?
-3425
In base 3, what is 1022111222 + -112?
1022111110
In base 13, what is -19331 + -166?
-19497
In base 2, what is 11001 - 110001101011001011?
-110001101010110010
In base 6, what is -43 - -21422450?
21422403
In base 8, what is -5125075 + -1?
-5125076
In base 10, what is 0 - 2945007?
-2945007
In base 4, what is -10200300 + -1010?
-10201310
In base 5, what is 132 - 23340110?
-23334423
In base 6, what is -20 - 54553424?
-54553444
In base 8, what is -1146 - -3355323?
3354155
In base 9, what is 511182575 + 0?
511182575
In base 6, what is 21010 + 1033251?
1054301
In base 4, what is 1021210 - -1211110?
2232320
In base 14, what is 2 + -b25694d?
-b25694b
In base 15, what is -1 - -45d917?
45d916
In base 9, what is 56881 - -2243?
60234
In base 15, what is -1b06 - 552?
-2158
In base 7, what is -5311 - -25563?
20252
In base 4, what is -113021 + -2212330130?
-2213103211
In base 7, what is -20 + 3245533?
3245513
In base 2, what is 10100110101000000001001001100 - -11?
10100110101000000001001001111
In base 6, what is -420014322 - -10?
-420014312
In base 11, what is -4974883 - 14?
-4974897
In base 6, what is -4133524 + -400?
-4134324
In base 5, what is 304014322400 - 0?
304014322400
In base 8, what is 11740 - 33011?
-21051
In base 14, what is -1d74 + 752a5?
73331
In base 7, what is 3 - 363664325?
-363664322
In base 4, what is 2121331 - -102100330?
110222321
In base 16, what is 303 - -aced?
aff0
In base 14, what is 6d1499 + -4?
6d1495
In base 5, what is 4114041 - 230?
4113311
In base 6, what is 402 - -502134303?
502135105
In base 14, what is -16b + -8382?
-850d
In base 7, what is -305 - -10615432?
10615124
In base 3, what is 122011201102110 - 12?
122011201102021
In base 5, what is -102 - 12431140233?
-12431140340
In base 8, what is -201707 + -221?
-202130
In base 12, what is -14 + b414a8?
b41494
In base 5, what is -10 + -40034332341?
-40034332401
In base 11, what is -2 + -16718a09?
-16718a10
In base 5, what is -2213120104 + -1430?
-2213122034
In base 16, what is 21dd76 + 1f?
21dd95
In base 13, what is 3 - 1710a01?
-17109cb
In base 14, what is -9c959 + 8?
-9c951
In base 3, what is -11201210 - -1000010020?
211101110
In base 16, what is 3dd + -4cb8?
-48db
In base 13, what is 27 + -5bb59?
-5bb32
In base 6, what is -244452 + 51301?
-153151
In base 14, what is c5 + -11b0?
-10c9
In base 15, what is dd - -4505?
45e3
In base 7, what is 13316 + -33235?
-16616
In base 9, what is -2 + 114254782?
114254780
In base 12, what is 362 + -93910?
-9356a
In base 3, what is 20001210112 + 101220220?
20110201102
In base 10, what is -2 - -72971983?
72971981
In base 4, what is -11201 - -1033031023?
1033013222
In base 2, what is 100000100 + -11000000001100?
-10111100001000
In base 10, what is -41404 + 708?
-40696
In base 2, what is 10 - -11011010001010000111?
11011010001010001001
In base 11, what is 416745 - -2a?
416774
In base 11, what is 691 - 1a85?
-13a4
In base 7, what is 4 - 621034606?
-621034602
In base 12, what is 5959371 - 4?
5959369
In base 4, what is 22130 - 212000021?
-211311231
In base 9, what is 421 - 26850?
-26428
In base 8, what is -641000 + -405?
-641405
In base 9, what is 38384082 + -7?
38384074
In base 10, what is 131889 + -1510?
130379
In base 11, what is -179 + 291103?
290a35
In base 11, what is 35a64 - -35?
35a99
In base 13, what is -493b2810 + -4?
-493b2814
In base 16, what is 2d17770 + 0?
2d17770
In base 15, what is -4 - -ad37742?
ad3773d
In base 5, what is -3 + -1212030322?
-1212030330
In base 15, what is -19de1ee - -4?
-19de1ea
In base 2, what is 101100111101110 + 10011000111111?
1000000000101101
In base 9, what is 104483 + 68?
104562
In base 5, what is -121233212024 - -3?
-121233212021
In base 13, what is 195 + -38412?
-3824a
In base 10, what is 66300313 + -1?
66300312
In base 14, what is 15c + 6ab61?
6acbd
In base 6, what is 150 - -25423100?
25423250
In base 8, what is -1115040 - 1644?
-1116704
In base 12, what is 21 - 1243061b?
-124305ba
In base 15, what is -1a + -10987a?
-109895
In base 4, what is 1023322002230 + 10?
1023322002300
In base 4, what is 1002133223 - -132?
1002200021
In base 12, what is -232b - -babb?
9790
In base 8, what is -62 - 337623?
-337705
In base 16, what is -2e2ed2f + 5?
-2e2ed2a
In base 12, what is 59 + 31697?
31734
In base 2, what is -1 - 101011111101010000?
-101011111101010001
In base 15, what is 711 - -cabbd?
cb3ce
In base 12, what is 1149443 - -3?
1149446
In base 14, what is -1048 + 7a8?
-680
In base 4, what is -32231 - -1033323200?
1033230303
In base 10, what is -131011948 + 3?
-131011945
In base 16, what is -22c + -1806ea?
-180916
In base 6, what is